2 = 94*h + 5017. Calculate the highest common factor of 6864 and h.
33
Suppose 3*a = 89789 - 89708. Suppose 0 = -p + v + 28, -v = -5*p + 99 + 37. Calculate the highest common divisor of p and a.
27
Let l(p) = -32*p + 229. Let h be l(3). Calculate the highest common divisor of h and 988.
19
Let j(k) = -k**2 + 33*k - 156. Let g be j(27). Let h be ((-9)/6)/(g/(-940)). What is the greatest common divisor of 5 and h?
5
Let v(o) = 242*o - 695. Let p be v(59). Calculate the highest common divisor of 94 and p.
47
Suppose 0 = -93*v + 124*v - 26970. Calculate the highest common factor of v and 120.
30
Let j = 6964 + -5607. What is the greatest common divisor of j and 161?
23
Let p(j) = j**3 + 37*j**2 - 88*j - 62. Let o be p(-39). Calculate the greatest common divisor of 1230 and o.
82
Suppose -201162 + 199812 = -30*j. Let g be 0 + (1 + 19 - -2). Let p = -7 + g. What is the greatest common factor of p and j?
15
Suppose -3*n + 11 = 2. Suppose 2*d - d - n = 3*h, -5*d = -h - 1. Suppose 0 = -7*r - d*r + 35. What is the greatest common divisor of r and 45?
5
Suppose -2*q + 4*b + 262 = 0, 14*q + 8*b = 11*q + 463. What is the highest common divisor of 6 and q?
3
Suppose 1 = -z + 4. Let a be (-1)/7*-38 - 16/(-28). Suppose -2*l = -4*o - a, 5*l - 3 - 12 = 5*o. Calculate the highest common factor of l and z.
3
Let x(m) = m**3 + 26*m**2 + 152*m - 4. Let g be x(-13). What is the greatest common factor of 91 and g?
7
Let y(b) = 1113*b**2 - 4*b - 3. Let o be y(-1). Suppose 0 = -9*v - 457 + o. Calculate the greatest common factor of v and 292.
73
Let d(n) = -n**3 + 11*n**2 - 29*n + 3. Suppose 100*j - 96*j - 15 = b, -j + b = 0. Let x be d(j). Calculate the greatest common factor of 2 and x.
2
Let o = -35417 + 62871. What is the greatest common factor of 7 and o?
7
Let q = 17934 + -16452. What is the highest common factor of 456 and q?
114
Let i = 15 - 12. Suppose -79 = i*h + 62. Let w = 112 + h. Calculate the highest common factor of w and 26.
13
Let o = -168 - -161. Let w be -1*o/((-7)/(-5)). Calculate the highest common factor of 2 and w.
1
Suppose 4*w = 2*p + 320, -4*w - 29 = p + 161. Let l = p - -171. What is the highest common divisor of 5 and l?
1
Let m(f) = 0*f**2 + 3 + 2 - 5*f + 6*f**2 + 0*f**2. Let s be m(2). Calculate the greatest common factor of s and 38.
19
Suppose 2*u = -2, 0*s + 165 = -s - 3*u. Let a = 227 + s. Suppose 134 = 6*k - k + 4*p, 4*p = 4. Calculate the greatest common factor of k and a.
13
Let y(q) = q**2. Let v be y(0). Suppose -10*z + 8*z + 84 = v. Let b = 258 - 153. What is the highest common factor of b and z?
21
Let k be (-40)/(-1)*(-8480)/(-400). Calculate the greatest common factor of k and 106.
106
Suppose 4*a - 62 = -2*m, 0 = a + 2*m - 4*m - 8. Let n be ((-114)/a - 15/(-105))*-2. What is the greatest common factor of 12 and n?
4
Let a(q) = -6*q + 296. Let f be a(-9). Calculate the highest common factor of 490 and f.
70
Let z be (39/6)/((-2)/(-136)*17). Calculate the highest common divisor of 39 and z.
13
Let j be ((-3)/(-2))/(72/336). Let a be (-6)/(-1)*j/21. Suppose a*t - 9*t = -336. What is the highest common divisor of t and 36?
12
Let q be (20/6*(-4131)/(-135))/((-24)/(-16)). What is the highest common divisor of 221 and q?
17
Let n(c) = c - 16. Let d be n(23). Suppose d*p = -2*p + 189. Let s = 34 + -13. What is the highest common divisor of s and p?
21
Suppose 28728 = -2168*n + 2175*n. What is the highest common divisor of n and 378?
54
Let l be (-100)/(-14) + (-3)/21. Suppose -233 = -6*y + l. Let p(r) = -37*r - 545. Let k be p(-15). What is the greatest common factor of y and k?
10
Let z(f) = f**2 - 4. Let d be z(-2). Let y be 1 + -1 + 2 - d. Suppose -3*w = y*w + o - 115, -4*o - 69 = -3*w. What is the highest common factor of w and 184?
23
Let g(d) = 2*d**2 + 3*d + 102. Let y be g(0). What is the highest common factor of y and 3009?
51
Let x = 4281 + -3881. Calculate the highest common factor of 176 and x.
16
Suppose 0*q - 2*l + 14 = 2*q, -4*q = -8*l + 32. Calculate the highest common divisor of q and 34.
2
Let x be (-248)/(-12) + (-102)/18 + 5. Suppose -8*b = -x*b + 168. What is the highest common divisor of 2 and b?
2
Suppose -5*d = -u - 462, 6*u - 9*u = 6. Let k be -1 + d/28 + (-2)/7. What is the highest common factor of 156 and k?
2
Let r be (1/(-4))/(32/(-1024)). Let s(x) = -x**2 + 14*x - 8. Let f be s(r). What is the highest common factor of f and 70?
10
Let m = -49 + 40. Let c be (4 + m/6)/((-2)/(-20)). Let d = -20 + c. Calculate the highest common divisor of 25 and d.
5
Suppose 4*c + 3*q - 712 = -392, 2*c + 2*q - 160 = 0. Suppose 2*t - 4*z = 3*t - 20, 40 = 2*t + 3*z. What is the greatest common factor of t and c?
20
Let p(s) = -130*s - 623. Let o be p(-5). Calculate the greatest common divisor of o and 12.
3
Let n(j) = -1139*j - 134. Let h be n(-1). Calculate the highest common divisor of h and 25.
5
Let v be (-6)/((-1)/101*-1) - -1. Let s = v - -432. Let x = -56 - s. What is the greatest common factor of 13 and x?
13
Let l be (-795640)/(-148) + 126/2331. What is the highest common factor of 7 and l?
7
Suppose -s = -l - 4049, 5*s - 3*l - 11081 = 9160. Calculate the greatest common divisor of s and 284.
71
Suppose 1000 = t - 3*f - 2*f, t - 3*f - 1010 = 0. Suppose 1202*v + 328 = 2408*v - 1198*v. What is the highest common factor of t and v?
41
Let r be ((12/5)/(-2))/(553/2765) + 54. Calculate the highest common factor of 522 and r.
6
Let u be 46/92*(0 - 0). Suppose 10*n - 4*n - 210 = u. What is the highest common factor of 15 and n?
5
Let g be (-10)/(-4)*15/6*(-8)/(-5). What is the greatest common factor of g and 9290?
10
Suppose 2*b - 6 = 4, -2*k - 23 = 5*b. Let n(x) = -14*x - 295. Let y be n(k). Let d be 4/(-2) - (0 - 125). What is the highest common factor of d and y?
41
Suppose 5*t + 2*j - 119 = 13, 0 = t + 2*j - 28. Let b(n) = -n**3 - 14*n**2 - n - 6. Let x be b(-15). What is the highest common factor of t and x?
26
Let v = 3468 + -3360. Let d = 216 - 212. Calculate the highest common factor of d and v.
4
Suppose 10*g + 13*g - 10787 = 0. Suppose -61*o + 57*o - 3*v = -g, v = 3. What is the highest common divisor of o and 69?
23
Suppose -52*i + 529585 = -17*i - 29785. Calculate the greatest common factor of 244 and i.
122
Let g(c) = -c**3 + 33*c**2 - 122*c - 168. Let p be g(28). Calculate the highest common factor of 976 and p.
16
Let p be (-2 - -93) + 10 + -16. Let n be (-544)/p*(-25)/2. What is the highest common divisor of 50 and n?
10
Let x(q) = -6*q - 111 + 198 - 103. Let d be x(-6). Calculate the greatest common factor of d and 36.
4
Let m(f) = f**3 + 14*f**2 + f - 68. Let t be m(-13). Let o = -201 - -355. Calculate the greatest common divisor of t and o.
22
Suppose -16*p - 5*k = -15*p - 107, -3*k = 2*p - 228. Calculate the highest common divisor of p and 221.
13
Let m = -74 - -88. Let d be 1 - 2 - m/4*-8. Let y = 314 - 98. What is the highest common factor of d and y?
27
Suppose -10*j = -7*v - 11*j + 10029, -1452 = -v - 4*j. What is the highest common divisor of v and 8?
8
Let d(p) = -147*p**3 + 3*p**2 + 2*p - 2. Let i be d(-1). Let w = i + -133. Let f be 2*((-390)/4)/(-3). What is the greatest common factor of w and f?
13
Let r = 237 + -117. Suppose -28*m = -20*m - r. What is the greatest common divisor of 465 and m?
15
Let q(s) = 4*s + 68 + 487*s**2 - 63 - 131*s**2. Let k be q(-1). Calculate the greatest common factor of k and 21.
21
Let t(g) = 5*g - 5. Let q(b) = -3*b + 0*b + 4*b - 2*b. Let f be q(-3). Let r be t(f). What is the greatest common divisor of 15 and r?
5
Suppose -s + 2*s = -9. Let x(y) = 60 - 15*y + 46 - 87. Let d be x(s). What is the greatest common divisor of d and 14?
14
Suppose -4*u - 4*x = -4, 4*x - 6 = -6*u + u. Let v be ((-152)/95)/(u/(-530)). Calculate the highest common factor of 8 and v.
8
Let t(z) = 38*z - 3234. Let h be t(88). Suppose 0 = 4*d - 3*d - 154. Calculate the greatest common divisor of d and h.
22
Suppose c - 9 = 8. Let j = -3498 - -3583. What is the highest common factor of j and c?
17
Let z = -3024 + 3032. What is the highest common factor of z and 2392?
8
Let p(u) = -u + 54. Let v be p(0). Let k be 884 + 13 + -24 + -9. Calculate the greatest common divisor of k and v.
54
Suppose 0 = -92*y + 86*y + 3300. Calculate the greatest common divisor of 77 and y.
11
Let g be -7 + 